se
Does 596 divide 542360?
True
Is 400 a factor of 152629?
False
Is 387675 a multiple of 9?
True
Is 192726 a multiple of 129?
True
Is 207 a factor of 3553776?
True
Is 20 a factor of 379995?
False
Is 514 a factor of 6550224?
False
Is 6850380 a multiple of 12?
True
Is 66 a factor of 204066?
False
Does 1495 divide 8970?
True
Is 25211 a multiple of 17?
True
Does 634 divide 7456474?
True
Does 9 divide 322695?
True
Is 1821085 a multiple of 245?
True
Is 261 a factor of 10795?
False
Is 67 a factor of 1156755?
True
Is 5 a factor of 1332770?
True
Does 698 divide 7346257?
False
Is 1162473 a multiple of 39?
True
Does 32 divide 228628?
False
Is 242516 a multiple of 6?
False
Is 412 a factor of 2055056?
True
Does 45 divide 19168512?
False
Is 20115249 a multiple of 53?
True
Does 66 divide 247500?
True
Does 915 divide 3775290?
True
Is 117918 a multiple of 72?
False
Does 118 divide 4949?
False
Is 8539664 a multiple of 23?
False
Is 49888 a multiple of 105?
False
Is 29 a factor of 358962?
True
Is 12 a factor of 39540?
True
Is 19706 a multiple of 59?
True
Does 742 divide 825632?
False
Is 169728 a multiple of 17?
True
Is 498212 a multiple of 7?
False
Does 7 divide 937447?
True
Is 97 a factor of 2010236?
False
Does 11 divide 210167?
False
Does 157 divide 99224?
True
Is 313124 a multiple of 371?
True
Is 45171 a multiple of 63?
True
Is 184371 a multiple of 2?
False
Is 121 a factor of 12848627?
True
Is 197503 a multiple of 453?
False
Is 210710 a multiple of 9?
False
Is 3 a factor of 32536?
False
Is 24 a factor of 10296?
True
Is 587 a factor of 2924511?
False
Does 110 divide 185900?
True
Is 31 a factor of 72728?
False
Does 17 divide 87601?
True
Is 13 a factor of 15916028?
False
Is 6 a factor of 25558?
False
Is 830468 a multiple of 18?
False
Does 26 divide 688402?
True
Does 36 divide 613803?
False
Is 47 a factor of 1746068?
False
Is 18 a factor of 156546?
True
Does 22 divide 2234446?
False
Does 9 divide 22415?
False
Does 84 divide 70140?
True
Is 62 a factor of 16430?
True
Does 718 divide 997302?
True
Is 256620 a multiple of 141?
True
Does 64 divide 1817610?
False
Is 2 a factor of 441710?
True
Does 232 divide 48952?
True
Does 67 divide 194916?
False
Does 41 divide 147969?
True
Is 20 a factor of 248540?
True
Is 4283224 a multiple of 70?
False
Is 25 a factor of 150875?
True
Is 510699 a multiple of 158?
False
Is 14 a factor of 490823?
False
Is 51348 a multiple of 14?
False
Does 19 divide 2078387?
False
Is 362183 a multiple of 21?
False
Does 249 divide 9779973?
True
Is 1483 a factor of 4092110?
False
Is 6276654 a multiple of 10?
False
Is 415 a factor of 482230?
True
Is 23 a factor of 1809663?
True
Is 501450 a multiple of 15?
True
Is 100148 a multiple of 14?
False
Is 31 a factor of 2177579?
False
Does 565 divide 687010?
False
Does 9 divide 2180259?
True
Is 11 a factor of 111507?
True
Is 10 a factor of 449271?
False
Does 143 divide 163735?
True
Is 54 a factor of 297000?
True
Is 394420 a multiple of 382?
False
Is 191 a factor of 1643173?
True
Does 29 divide 18995?
True
Does 99 divide 141138?
False
Is 7400653 a multiple of 300?
False
Is 4615312 a multiple of 399?
False
Is 372839 a multiple of 14?
False
Is 53119 a multiple of 121?
True
Does 108 divide 536349?
False
Is 429 a factor of 334191?
True
Is 29 a factor of 119712?
True
Does 5 divide 208180?
True
Is 945182 a multiple of 2?
True
Does 16 divide 159713?
False
Is 112 a factor of 4051058?
False
Is 15 a factor of 1176150?
True
Does 4 divide 8480?
True
Is 102 a factor of 49351?
False
Is 238 a factor of 459340?
True
Is 30 a factor of 11490123?
False
Does 409 divide 191394?
False
Does 20 divide 3726320?
True
Does 1433 divide 1587764?
True
Is 25 a factor of 1700987?
False
Is 36350518 a multiple of 1112?
False
Is 139070 a multiple of 7?
False
Is 7 a factor of 1168585?
False
Is 12 a factor of 4848845?
False
Does 36 divide 4313201?
False
Does 10 divide 15769900?
True
Is 1114956 a multiple of 14?
False
Does 2286 divide 1863740?
False
Is 12 a factor of 360012?
True
Does 42 divide 276259?
False
Does 298 divide 118069?
False
Is 11 a factor of 14781392?
False
Is 14655924 a multiple of 1191?
False
Is 914 a factor of 103282?
True
Is 468420 a multiple of 10?
True
Does 925 divide 4225400?
True
Does 13 divide 205767?
False
Is 19 a factor of 3659389?
False
Is 4100756 a multiple of 199?
False
Is 112 a factor of 2081072?
True
Is 333 a factor of 137637?
False
Is 1368037 a multiple of 94?
False
Does 306 divide 2273633?
False
Does 26 divide 4376060?
True
Does 60 divide 35324?
False
Is 507780 a multiple of 15?
True
Does 812 divide 13080894?
False
Is 357 a factor of 6312474?
True
Does 69 divide 600497?
False
Does 337 divide 6447179?
False
Does 147 divide 11198678?
False
Is 146698 a multiple of 55?
False
Does 479 divide 6386066?
False
Is 9 a factor of 72998?
False
Does 9 divide 5931?
True
Is 223 a factor of 33098?
False
Does 12 divide 11552568?
True
Is 7 a factor of 18649?
False
Does 13 divide 21379061?
False
Is 3975317 a multiple of 684?
False
Is 1968549 a multiple of 319?
True
Does 159 divide 491280?
False
Is 375612 a multiple of 226?
True
Does 55 divide 30226185?
True
Is 1550358 a multiple of 9?
True
Is 564 a factor of 633795?
False
Is 2 a factor of 31059?
False
Is 1351 a multiple of 2?
False
Does 180 divide 162000?
True
Does 129 divide 5651079?
False
Is 108314 a multiple of 62?
True
Does 19 divide 43090?
False
Is 438300 a multiple of 25?
True
Is 16133980 a multiple of 134?
False
Is 3 a factor of 28739?
False
Is 84 a factor of 144228?
True
Is 2503461 a multiple of 85?
False
Does 85 divide 717570?
True
Does 186 divide 467976?
True
Is 58 a factor of 4862836?
True
Is 6690 a multiple of 10?
True
Is 1177461 a multiple of 276?
False
Is 25 a factor of 51275?
True
Is 21315256 a multiple of 74?
True
Does 72 divide 217414?
False
Is 98 a factor of 148955?
False
Is 6630015 a multiple of 1492?
False
Is 352 a factor of 118668?
False
Does 4 divide 178752?
True
Does 50 divide 63350?
True
Is 4696692 a multiple of 46?
True
Is 557 a factor of 181996?
False
Does 56 divide 3913112?
True
Is 3207400 a multiple of 20?
True
Does 338 divide 201110?
True
Does 7 divide 354273?
False
Is 1007730 a multiple of 78?
False
Is 9 a factor of 43100?
False
Does 48 divide 1495579?
False
Is 17 a factor of 9287678?
True
Does 6 divide 114257?
False
Does 4 divide 8391?
False
Is 41297 a multiple of 165?
False
Is 6 a factor of 38765?
False
Is 250272 a multiple of 32?
True
Does 14 divide 10948?
True
Is 1062885 a multiple of 31?
False
Does 171 divide 3874411?
False
Does 5 divide 681705?
True
Is 898403 a multiple of 398?
False
Is 269042 a multiple of 142?
False
Is 615463 a multiple of 9?
False
Is 968023 a multiple of 11?
False
Is 453 a factor of 48905?
False
Does 5 divide 566602?
False
Is 420390 a multiple of 45?
True
Is 2355088 a multiple of 976?
True
Is 14 a factor of 738501?
False
Is 98 a factor of 363776?
True
Does 41 divide 361948?
True
Is 6 a factor of 15358?
False
Does 38 divide 388149?
False
Does 37 divide 926034?
False
Does 18 divide 10165516?
False
Is 157844 a multiple of 300?
False
Does 6 divide 38352?
True
Is 27 a factor of 129006?
True
Is 336 a factor of 712992?
True
Is 32 a factor of 1627008?
True
Is 16 a factor of 313038?
False
Does 13 divide 2539489?
False
Is 38 a factor of 10975334?
False
Does 106 divide 705536?
True
Is 69 a factor of 1273809?
True
Does 4 divide 1690636?
True
Does 28 divide 173830?
False
Is 145 a factor of 4638985?
True
Is 73216 a multiple of 64?
True
Is 7051 a multiple of 5?
False
Is 361738 a multiple of 26?
True
Is 108 a factor of 102688?
False
Is 10 a factor of 1728682?
False
Is 257 a factor of 138009?
True
Is 14103 a multiple of 3?
True
Is 12 a factor of 69195?
False
Is 108120 a multiple of 129?
False
Does 352 divide 4188800?
True
Is 1747692 a multiple of 290?
False
Does 12 divide 3842234?
False
Is 29 a factor of 7832362?
False
Does 4 divide 1013223?
False
Is 24 a factor of 1036175?
False
Is 5550009 a multiple of 496?
False
Is 511311 a multiple of 123?
True
Is 6 a factor of 4338810?
True
Does 170 divide 14280?
True
Does 184 divide 560137?
False
Is 26 a factor of 438724?
True
Is 8974 a multiple of 14?
True
Is 30 a factor of 16440?
True
Is 12 a factor of 10987?
False
Is 84756 a multiple of 173?
False
Is 658 a factor of 81308?
False
Does 16 divide 144930?
Fals